s = -2*j - 4*c + 32, -2*j - 32 = -4*j + 2*c. What is the remainder when j is divided by 11?
5
Suppose 0 = -2*p + 6*p + 100. Let r = 42 + p. Suppose -15*b + r*b = 46. Calculate the remainder when 68 is divided by b.
22
Let m(y) be the first derivative of 8 + y**2 + 2*y**3 + 0*y - 1/4*y**4. Calculate the remainder when m(6) is divided by 7.
5
Let k(x) = -2*x**2 + 5*x + 4. Let j be k(-3). Let r be -1*(0 - 2 - j). What is the remainder when (-50)/3*r/18 is divided by 14?
11
Suppose 0 = -7*d + 9*d + 64. Suppose 0 = 2*l - c - 28, 2 = 2*c - 2. What is the remainder when -2*(-4)/(d/(-172)) is divided by l?
13
Let g = -14 - -26. Calculate the remainder when 672/9 + 4/g is divided by 19.
18
Suppose -23*z + 124 = -221. Let o = 7 + -3. Calculate the remainder when z is divided by o.
3
Let h(f) = 2*f**2 - 7*f - 213. Calculate the remainder when h(-10) is divided by 20.
17
Let a(m) = -68*m - 258. What is the remainder when a(-6) is divided by 19?
17
Let m(v) = v**3 + 3*v**2 - 10*v + 2. Let a be 24 + -1 + 19 + -17. Suppose -12*w = -17*w - a. What is the remainder when 2 is divided by m(w)?
0
Let p be (-6)/9 - (-8)/12. Suppose 92 = a - p*a. Suppose 208 = 5*i + 3*f, 0 = 4*i - 2*i - f - a. What is the remainder when i is divided by 16?
12
Suppose -5*d = -5*u - 350, 5*u + 112 = d + 26. Calculate the remainder when 855 is divided by d.
63
Let r(c) = c**2 - 13*c + 30. Let d be r(10). Let h(t) = 69*t**2 + t. What is the remainder when h(1) is divided by (30 - 4) + d - 2?
22
Let g = 0 + 5. Suppose -a + 351 = g*i, 5*i + a = 2*a + 359. Suppose -q + 1 = 0, m - 89 = -4*m + q. What is the remainder when i is divided by m?
17
Suppose 2*y = -r + 245, 6*y + 610 = 11*y + 5*r. Calculate the remainder when y is divided by 44.
35
Let h(f) = -f**2 + 4*f**2 - 10 + 3 - 2*f**2. What is the remainder when h(-7) is divided by (-177)/(-12) - 2/(-8)?
12
Let i(k) = -k**2 + 4*k + 11. Let w be i(5). Suppose -w*r - 5*t + 42 = -4*r, -151 = -5*r - t. Calculate the remainder when 92 is divided by r.
30
Suppose d - 24 - 2 = 0. Suppose -2*i = 2*i + 24. Let o = i + 15. Calculate the remainder when d is divided by o.
8
Suppose 5*m - 420 = -5*j, 2*j + 3*m - 6 - 157 = 0. Calculate the remainder when j is divided by 15.
14
Let o be 9/(5 - 2) - -9. Suppose 0 = -4*v - 18 + 234. What is the remainder when o/v + 338/18 is divided by 11?
8
Let t = 10 - -12. Let r = t + -37. Calculate the remainder when (r/(-12))/((-1)/(-16)) is divided by 7.
6
Let u = -122 + 144. Calculate the remainder when 58 is divided by u.
14
Let t(j) = -11 + 0*j**2 - 3*j**2 + 0*j**2 + 36*j - 5. What is the remainder when t(11) is divided by 3?
2
Suppose 7*k = -k + 448. Let n = -24 + k. What is the remainder when n is divided by 11?
10
Let u(o) = -o**3 - 6*o**2 + 7*o + 10. Suppose -3*r - i + 74 = -22, -5*r + 4*i + 177 = 0. Let c = r + -5. Calculate the remainder when c is divided by u(-7).
8
Suppose -3*d = -0*k - k - 36, -k - 60 = -5*d. Suppose -4*s - 5*r = -r - 56, 0 = -3*r - 15. What is the remainder when s is divided by d?
7
Let d(z) = 4*z - 7. Suppose -4*p + 1 = -19. Calculate the remainder when 50 is divided by d(p).
11
Let b be 0 + (4/1 - 0). Let k = 238 + -114. Suppose 0 = b*d - p - 251, -2*d + 0*p + k = -2*p. What is the remainder when d is divided by 16?
15
Calculate the remainder when (-10)/3*126/70 - -154 is divided by 20.
8
Let g = 8 - 17. Let t(j) = -j**3 - 10*j**2 - 9*j + 8. Let k be t(g). Calculate the remainder when 31 is divided by k/1 + -12 + 15.
9
Let x = 170 - 71. Suppose 15*g - 206 = 304. What is the remainder when x is divided by g?
31
Let j(c) = -9*c. Suppose -5*y = p + p - 479, 4*p - 898 = 2*y. Let b = -201 + p. What is the remainder when b is divided by j(-1)?
8
Let s = 1 + 12. What is the remainder when 6/(-54) + (1120/36 - 7) is divided by s?
11
Suppose 6*h + 1 = 13. What is the remainder when (-1 - 122/(-8)) + h/(-8) is divided by 2?
0
Suppose -4*v + 35 = v. Let h = 7655 - 7635. Calculate the remainder when h is divided by v.
6
Suppose 1511 - 199 = 32*r. Calculate the remainder when 573 is divided by r.
40
Let o be (-27)/(-6) + 2/4. Suppose 14 = -y + o*i + 5, 2*y = -i + 15. Calculate the remainder when 11 is divided by y.
5
Suppose 31*y - 35*y = 368. Let f = -87 - y. Calculate the remainder when 8 is divided by f.
3
Let o = -27 + 30. Suppose o*g = -5*f, -f = f + g - 1. Calculate the remainder when 3 is divided by f.
0
Let c(g) = -g**3 - 5*g**2 + 11*g - 7. Let h be c(-7). What is the remainder when 10 is divided by (-3)/(-7) - (-64)/h?
0
Suppose -c - c = -2. Suppose y - c = 4*s, 2*y - s = -y + 36. What is the remainder when y is divided by (20/16)/(1/4)?
3
Suppose o - 9 = -z, 0 = -5*o - 4*z + 33 + 11. Let b = -7 + 13. Suppose -o*m = -78 + b. What is the remainder when 16 is divided by m?
7
Let c be (-3 + -1 + 3)*-272. Suppose -u = -4*u + 5*h + 430, 2*u + 4*h = c. Suppose -3*k + u + 250 = 0. Calculate the remainder when k is divided by 33.
31
Let h(q) = 22*q**2 + 19*q + 9. Calculate the remainder when h(-4) is divided by 32.
29
What is the remainder when 250*3/36 - (-1)/6 is divided by 48/(-9)*18/(-8)?
9
Let l(f) be the first derivative of 5*f**2 + 2*f - 1. Let v be l(1). Suppose h - 13 - v = -i, h - i = 33. Calculate the remainder when 56 is divided by h.
27
Let n = -104 + 103. Calculate the remainder when n/2 + 135/6 is divided by (-57)/(-12) + (-1)/(-4).
2
What is the remainder when 69356/98 + ((-10)/14 - -1) is divided by 10?
8
Suppose 4*u + 0*x = -3*x + 109, 5*u - 137 = -4*x. What is the remainder when u is divided by 15?
10
Let r(h) = -h**2 + 9*h - 17. What is the remainder when 9 is divided by r(3)?
0
Suppose 0 = -n + j + 45 + 23, -43 = -n - 4*j. What is the remainder when 79 is divided by n?
16
Let o(m) be the first derivative of 2*m**2 + 10*m - 1. Let q = 11 + 4. What is the remainder when o(12) is divided by q?
13
Let u = 8 + -40. Let h = 14 - u. Let j = h - 26. Calculate the remainder when j is divided by 7.
6
Suppose 8 - 8 = -9*c. Suppose o - 3*o - 2 = c, -5*o - 75 = -2*g. What is the remainder when g is divided by 10?
5
Let f(j) = j - 1. Let m(y) = -3*y - 6. Let l(v) = -2*f(v) - m(v). Let q be l(6). Let x = -11 + q. What is the remainder when 3 is divided by x?
0
Let p = -1379 - -1560. Calculate the remainder when p is divided by 25.
6
Suppose 6*f = 7*f - 2. Let q(n) = n**3 + 8*n**2 + 5*n - 9. What is the remainder when (6/9)/(f/51) is divided by q(-7)?
2
Let n be (26/(-6))/(21/252). Let j = n + 62. Suppose 5*p - 3*x - 88 = x, 5*x = -4*p + 54. What is the remainder when p is divided by j?
6
Let j(v) = 6*v**2 + v - 13. What is the remainder when 437 is divided by j(3)?
41
Let v(i) = -i + 4 + 5 - 3. Let c be v(7). Calculate the remainder when (-33)/(-11) - (-18 - c) is divided by 7.
6
Let o(p) = -p**2 + 7*p + 2. Let a be o(7). Suppose -5*n = 3*x - 394, a*x + 4*n - n = 263. Calculate the remainder when x is divided by 17.
14
Let o = 76 - 46. Suppose 4*a = 5*x + 39, 0 = -5*a - 7*x + 4*x + 58. Calculate the remainder when o is divided by a.
8
Let t = 8 + -3. Let q(l) = l**2 - 5. Let p be q(t). Let s = p - 9. What is the remainder when s is divided by 7?
4
Let x = 1367 - 1360. Calculate the remainder when 634 is divided by x.
4
Let g = 25 + -8. Let q = -5 + g. Suppose 5*u - 205 = -4*j, 0*j + 5*u = -3*j + 160. Calculate the remainder when j is divided by q.
9
Let n = -37 + 0. Let m = -30 - n. What is the remainder when 12 is divided by m?
5
Let g(s) = s**3 + s**2 + 5*s + 5. Let h be g(-2). Let k(n) = -n + 7. Let j be k(-8). What is the remainder when h/j + 332/20 is divided by 9?
7
Let t = -173 + 313. Suppose -t = -6*h + 16. Calculate the remainder when 5/(3*(-2)/(-60)) is divided by h.
24
Let m(o) = 6*o + 12. Let p be m(-6). Let a = p - -32. What is the remainder when 30 is divided by a?
6
Let r(p) = -p**3 - 7*p**2 - 11*p - 14. Let o be r(-7). Suppose 1 = 3*u + 3*t - 44, 3*t = -4*u + o. Calculate the remainder when 32 is divided by u.
14
Calculate the remainder when (7 - (-77 - 5)) + 3 is divided by 56.
36
Let y(p) = 2*p**2 + 5*p - 19. Let o be y(3). Let v = o - -14. Calculate the remainder when 111 is divided by v.
27
Let c = 15 + -21. Let l = -10 - -19. Let h = l + c. Calculate the remainder when 6 is divided by h.
0
Suppose -30 = -2*k + k. Suppose 0 = -5*z + 3*t + 43, 60*z + 2*t = 57*z + 22. 